mmon divisor of 54 and 320022.
18
What is the greatest common divisor of 108 and 1054?
2
Calculate the greatest common divisor of 340 and 960.
20
What is the highest common factor of 7138 and 5229?
83
What is the highest common divisor of 114 and 1920?
6
Calculate the highest common factor of 1653 and 488186.
551
What is the greatest common divisor of 718 and 250?
2
What is the greatest common factor of 39236 and 102?
34
What is the highest common factor of 2408 and 3304?
56
What is the highest common divisor of 518 and 66514?
14
Calculate the highest common factor of 128 and 460.
4
What is the highest common divisor of 1271 and 1148?
41
What is the highest common factor of 4094 and 6586?
178
What is the greatest common factor of 18 and 25794?
18
Calculate the highest common divisor of 285 and 4590.
15
What is the greatest common divisor of 5 and 29350?
5
Calculate the highest common factor of 750 and 66.
6
What is the highest common divisor of 7973984 and 32?
32
What is the greatest common divisor of 20000 and 148800?
800
Calculate the greatest common divisor of 11662 and 4641.
119
What is the greatest common factor of 24721 and 3776?
59
Calculate the highest common divisor of 5135 and 18960.
395
Calculate the greatest common divisor of 116 and 238148.
116
Calculate the highest common divisor of 2822057 and 147.
49
Calculate the highest common divisor of 268304 and 4428.
164
What is the greatest common factor of 8797 and 418?
19
Calculate the highest common divisor of 128867 and 31.
31
What is the highest common divisor of 234 and 2197?
13
What is the greatest common divisor of 343 and 2450?
49
Calculate the highest common factor of 235101 and 6.
3
What is the greatest common factor of 3848 and 4927?
13
What is the greatest common factor of 22 and 42801?
11
Calculate the highest common factor of 104 and 2504.
8
Calculate the greatest common divisor of 3231 and 2340.
9
Calculate the highest common divisor of 133 and 72121.
7
What is the greatest common divisor of 66 and 271854?
66
Calculate the highest common factor of 1517 and 10701.
41
What is the highest common factor of 36 and 38250?
18
Calculate the highest common factor of 423149 and 19.
19
Calculate the greatest common factor of 172910 and 80.
10
Calculate the highest common divisor of 1336 and 43253.
167
Calculate the greatest common divisor of 717 and 1819985.
239
Calculate the highest common factor of 97140 and 120.
60
Calculate the highest common divisor of 1682305 and 790.
395
What is the greatest common divisor of 18240 and 416?
32
Calculate the greatest common divisor of 7839 and 44811.
117
What is the greatest common divisor of 146432 and 1716?
572
Calculate the greatest common factor of 406840 and 20.
20
What is the greatest common divisor of 10 and 409?
1
Calculate the highest common divisor of 6853159 and 51.
17
What is the highest common factor of 1576822 and 286?
26
Calculate the highest common divisor of 24794 and 770.
154
What is the greatest common factor of 1104165 and 270?
135
Calculate the highest common factor of 23336 and 16.
8
What is the greatest common divisor of 957954 and 47?
47
Calculate the greatest common divisor of 411547 and 4645.
929
What is the greatest common factor of 2204 and 1273?
19
What is the highest common factor of 3942 and 461871?
657
What is the highest common divisor of 94 and 276642?
94
Calculate the highest common factor of 2061 and 675.
9
Calculate the highest common factor of 384 and 2713296.
48
What is the highest common factor of 11 and 782573?
11
Calculate the highest common divisor of 180 and 779490.
90
Calculate the greatest common divisor of 444 and 1300587.
111
What is the highest common factor of 756 and 67500?
108
Calculate the highest common divisor of 15177 and 11.
1
Calculate the highest common factor of 820 and 4428.
164
Calculate the greatest common divisor of 4944 and 1.
1
What is the greatest common divisor of 6237 and 7315?
77
Calculate the highest common factor of 30 and 78610.
10
Calculate the highest common divisor of 7006 and 105542.
226
Calculate the highest common divisor of 120 and 9712.
8
What is the greatest common factor of 3 and 523947?
3
Calculate the highest common factor of 17818 and 21712.
118
What is the greatest common divisor of 8041 and 50490?
187
Calculate the greatest common factor of 976 and 6466.
122
Calculate the greatest common divisor of 14499 and 716.
179
What is the greatest common divisor of 31632 and 144?
48
Calculate the highest common divisor of 61 and 97234.
61
What is the greatest common factor of 490 and 1505?
35
What is the highest common factor of 6732 and 9027?
153
Calculate the greatest common divisor of 45582 and 23004.
426
Calculate the highest common divisor of 26550 and 56345.
295
What is the greatest common factor of 5994785 and 95?
95
Calculate the greatest common divisor of 5376 and 20622.
42
What is the highest common factor of 739404 and 304?
76
What is the greatest common divisor of 2315049 and 6?
3
What is the highest common factor of 2808570 and 510?
510
What is the highest common divisor of 260 and 594620?
260
Calculate the highest common factor of 23634 and 4122.
18
What is the greatest common divisor of 7627 and 725?
29
What is the highest common factor of 490 and 16954?
98
What is the highest common factor of 128 and 5560?
8
Calculate the greatest common factor of 9 and 76.
1
What is the highest common factor of 4788 and 5460?
84
What is the greatest common divisor of 23511 and 51?
51
Calculate the greatest common factor of 7304 and 415.
83
What is the greatest common factor of 1460 and 91580?
20
Calculate the greatest common factor of 6 and 534782.
2
What is the greatest common divisor of 5080 and 23495?
635
What is the highest common factor of 650 and 530?
10
Calculate the greatest common divisor of 44042 and 122.
122
What is the highest common factor of 301631 and 187?
187
Calculate the highest common factor of 1458 and 293787.
729
What is the highest common divisor of 52812 and 1620?
324
What is the greatest common divisor of 53612 and 1924?
52
What is the highest common divisor of 1932 and 111348?
12
Calculate the highest common divisor of 48 and 3519.
3
What is the highest common factor of 451836 and 616?
308
What is the highest common divisor of 18643 and 4887?
181
Calculate the highest common factor of 920 and 2690.
10
Calculate the greatest common divisor of 48737 and 46.
23
What is the highest common factor of 261 and 467538?
87
What is the greatest common divisor of 29078 and 2604?
434
What is the highest common divisor of 228 and 17955?
57
What is the highest common divisor of 19760 and 250?
10
Calculate the highest common divisor of 12469 and 2022.
337
What is the highest common factor of 58433 and 213?
71
What is the greatest common divisor of 72384 and 49387?
377
Calculate the greatest common divisor of 12 and 21861.
3
Calculate the highest common divisor of 480 and 8144.
16
Calculate the greatest common factor of 1092 and 591.
3
Calculate the highest common factor of 7108 and 108.
4
What is the highest common factor of 87 and 1341801?
87
What is the greatest common divisor of 304 and 705128?
152
Calculate the highest common divisor of 9310 and 755.
5
What is the greatest common divisor of 12 and 426?
6
What is the highest common factor of 26105 and 182054?
227
What is the highest common factor of 9789 and 754?
13
What is the highest common factor of 1617920 and 158?
158
What is the highest common divisor of 11780 and 389329?
589
Calculate the greatest common factor of 67221 and 22176.
693
What is the highest common factor of 52992 and 36?
36
Calculate the greatest common factor of 26335 and 80.
5
What is the highest common divisor of 164 and 1643239?
41
Calculate the highest common factor of 2944532 and 388.
388
Calculate the highest common factor of 483 and 87.
3
What is the greatest common divisor of 102780 and 540?
180
What is the greatest common factor of 29362 and 106?
106
What is the greatest common factor of 2 and 56790?
2
What is the highest common divisor of 362 and 78011?
181
Calculate the greatest common factor of 538 and 463218.
538
Calculate the highest common factor of 17236 and 992.
124
What is the greatest common divisor of 526480 